9?
False
Suppose g = 3*v - 9, -g + 11 = -4*v + 6*v. Let h = g + 15. Let y = h - 13. Does 2 divide y?
False
Suppose -2*t = -0*u - 2*u + 124, 309 = 5*u - 4*t. Let x = 103 - u. Is 14 a factor of x?
True
Let z be 0 - -3 - 6/6. Let o(x) = z - 4 - 6*x - 2. Is 5 a factor of o(-3)?
False
Let w = -79 + 125. Let g = -32 + w. Is 14 a factor of g?
True
Let f = -23 - -56. Let m = -3 + f. Let k = m - 17. Is 6 a factor of k?
False
Is 47/2 - 6/(-4) a multiple of 7?
False
Let i be 3*-5 + 0 - -1. Let u be (-8)/(-28) - 10/i. Is 7 a factor of -26*(0 - u/2)?
False
Suppose -4*x + 6 = c, 4 + 0 = 4*x + 2*c. Suppose 2*j + x*q = j + 18, -j + 25 = -5*q. Is j a multiple of 8?
False
Let s(g) = -6*g - 5. Let f(n) = 7*n + 4. Let j(x) = -5*f(x) - 6*s(x). Is j(8) a multiple of 18?
True
Suppose 344 = 4*i - 2*k, k = 4*i - 515 + 173. Does 7 divide i?
False
Suppose 3*h + 101 = -22. Let v = -13 - h. Does 19 divide v?
False
Does 13 divide 4*2/6*18?
False
Suppose 5*r - r = -12. Let l be (-2 - r)*1/1. Is (-102)/(-10) - l/5 a multiple of 10?
True
Let p(l) be the first derivative of 9*l**3 + 15*l + 3. Let s(a) = -13*a**2 - 7. Let j(w) = -6*p(w) - 13*s(w). Is 8 a factor of j(1)?
True
Suppose 2*a = 5*x - 10, -3 = -x + 3*a - 1. Suppose 3*z = -x*z + 90. Let d = z + -13. Is d a multiple of 5?
True
Let y(h) = -6*h**3 - 2*h**2 + h. Let u be y(1). Let r = u + 31. Does 8 divide r?
True
Let u(z) = z**3 + 5*z**2 - z - 6. Let h be u(-5). Is 3 a factor of 80/6 - h/(-3)?
False
Suppose -57 = 4*r - r. Let v = r - -69. Does 18 divide v?
False
Let k(h) = 4*h**3 - 3*h**2 + 2*h - 1. Let p = -1 - -4. Suppose 0 = -4*d - 16, 5*d + 14 = -p*z - 0*d. Does 14 divide k(z)?
False
Is 33 a factor of ((-3)/(-4))/(7/924)?
True
Suppose j - 2*j = 3*b - 6, -2*j + 6 = 4*b. Let o = b - 8. Does 2 divide o + 5 - 8/(-2)?
True
Let o(k) = -6*k - 11. Is o(-10) a multiple of 13?
False
Let h(t) = t + 5*t**3 - t**2 - t**3 - 2*t - 3*t**3 + 60. Let b be h(0). Suppose i + 4*i - b = -p, 0 = 4*i - 20. Is 14 a factor of p?
False
Suppose -i + 5*n + 33 = 0, -2*n + 3*n - 3 = -i. Suppose 4*u - 80 = 4*h, -h + i = 3*u - 32. Is u a multiple of 5?
True
Let w be (-452)/(-9) + 2/(-9). Let k be w/15 + 2/(-6). Suppose 41 = k*f - 2*f. Is f a multiple of 14?
False
Suppose 3*v = 52 + 26. Is v a multiple of 13?
True
Suppose -5*m + 85 + 565 = 0. Suppose -m = 2*t - 5*t + 2*u, -3*t + 5*u = -145. Suppose 0 = 5*o - 10*o - 5*q + t, 24 = 3*o + 2*q. Is o a multiple of 6?
False
Let s(a) = 4*a**2 - 11*a - 29. Is 21 a factor of s(-4)?
False
Suppose -4*k + 3*t = 30, -k + 3*t = k + 18. Is (-3)/((-4)/(-368)*k) a multiple of 28?
False
Suppose 0 = u - 5*u + 16. Let n = 2 - 4. Let q = u - n. Is 3 a factor of q?
True
Let u(i) = 2*i. Let t be u(8). Does 7 divide 2/(-2) + (t - 2)?
False
Let u(f) = -f - 9. Let s be u(-6). Does 9 divide 42/2 - 0/s?
False
Let s = -115 - -125. Let u be (-2)/(-5) - 64/10. Let n = s + u. Is n even?
True
Is 3/((-8)/((-48)/9)) a multiple of 2?
True
Suppose 6*x - 2*x - 158 = 2*b, -x = -b - 40. Is 13 a factor of x?
True
Suppose -l = -3*l + 86. Is l a multiple of 34?
False
Suppose -2*b = -2*u + 2, -2*u + 10 = 2*b - 4. Does 2 divide b?
False
Suppose v + 2*g = -5, -13 = -0*v - 3*v + g. Suppose -2*m + 2*o - 6*o = -52, -m + 23 = v*o. Is 8 a factor of m?
True
Let z = 1 + 4. Suppose 5*q + d = -33, -z*q + 0*d - 39 = 3*d. Let a(s) = -2*s + 4. Is 16 a factor of a(q)?
True
Suppose 0 = -2*x - j + 104, 7*x - 142 = 4*x - 5*j. Is x a multiple of 10?
False
Let v be (0 + 1)*(6 - 6). Suppose 4*u + v = 80. Is 11 a factor of u?
False
Let i(q) = q**2 + 7*q - 3. Let a be (5 - 9)/(2/4). Let u be i(a). Suppose -k = -t + 14 + 7, 86 = 4*t - u*k. Does 15 divide t?
False
Let q = 64 + -6. Let y = q + 5. Is 16 a factor of y?
False
Let m(g) = 2 + 2*g + 5 - g + g**2 - 5*g. Does 4 divide m(6)?
False
Suppose -3*a - 267 = -g - 2*g, -4 = 4*a. Is g a multiple of 11?
True
Let d(j) = -j**2 + 8*j - 4. Let r(w) = 5 + 0 + 6*w**2 - 1 - 5. Let g be r(-1). Is 3 a factor of d(g)?
False
Suppose 0 = 3*f + 2*f. Suppose f = -9*d + 4*d + 5. Is 9 a factor of (-20 - -2)/(-2) + d?
False
Suppose 1196 = 8*w + 380. Is w a multiple of 43?
False
Let h be (2/(-3))/((-2)/12). Suppose -303 - 69 = -h*q. Is q a multiple of 31?
True
Let y be 18/(-1)*(-4)/(-3). Is (y/(-18))/(2/69) a multiple of 23?
True
Suppose -7*g = -2*g + 350. Let j be g/22 - 4/(-22). Let r = 8 - j. Does 8 divide r?
False
Let m be (-262)/(-8) + 7/28. Suppose 4*d + 3*o - m = 45, 2 = o. Is 18 a factor of d?
True
Let g = 92 - 86. Does 3 divide g?
True
Let z(o) = -o**2 + o + 59. Is 20 a factor of z(0)?
False
Suppose 181 = 4*w - 11. Does 12 divide w?
True
Suppose 5*q - 48 = 37. Let k = 4 - q. Let i = -6 - k. Does 3 divide i?
False
Suppose -176 = -5*p - 3*t, 0 = -2*p - p - 5*t + 112. Suppose 0 = -2*k - 4, -k = -2*m + 3*m - p. Is m a multiple of 12?
True
Suppose 4*v + 2*i = -110, -30 = 5*v - 4*v + i. Suppose 0 = -0*c - c - 37. Let j = v - c. Does 4 divide j?
True
Suppose -4*c + 16 = 0, 2*a = -4*c + 2*c - 60. Let y = a + 60. Is 26 a factor of y?
True
Let u(l) = -l**3 - 5*l**2 - 6*l - 3. Let f be u(-4). Suppose -f*p + 37 = -3*n, -3*p + 0*p + 5*n + 19 = 0. Let b = p + 6. Is b a multiple of 9?
False
Suppose -4*q + 6 = -q. Suppose 3*a - q*o - 117 - 55 = 0, 0 = 5*a + 2*o - 260. Is 19 a factor of a?
False
Is 16 a factor of 15 + (4 - 8)/(-4)?
True
Suppose 3 + 15 = s. Is 7 a factor of s?
False
Let z be (4 - -1)/((-4)/(-4)). Suppose -172 = -z*f + 58. Suppose 5*x - f = g + 103, -x + 26 = -4*g. Does 15 divide x?
True
Let o(z) = -5*z + 13. Let r be o(-7). Let d be 8/3*(-15)/(-2). Suppose d + r = 4*x. Is 6 a factor of x?
False
Is (13/(-26))/((-2)/116) a multiple of 18?
False
Let c(t) = 3*t**3 - 2*t**2 - 3*t + 2. Let z = 7 - 5. Does 6 divide c(z)?
True
Let y = 13 + -8. Suppose 5*n - y*u + 33 = 113, -5*n = 3*u - 88. Is n a multiple of 3?
False
Is 4/(-4 - (-34)/8) a multiple of 8?
True
Suppose -4*g - 68 = -3*t, 2*t + 3*g - 28 = 6. Does 10 divide t?
True
Let m(f) = 8*f - 4. Suppose -14 = 3*h + s, h + 23 = -s - 3*s. Let w be m(h). Let r = w + 46. Is 14 a factor of r?
False
Suppose -6 = -k - 2*w, -5*w + w = -k. Suppose k*t = 2*s - 4, -5*s = -2*t - 0*t - 10. Is s a multiple of 2?
True
Let o(h) = -h**3 + 8*h**2 - 3*h - 4. Is o(7) a multiple of 8?
True
Suppose 0 = v + 5*h + 7, h + 19 = 3*v - 4*v. Let z = 58 + v. Does 9 divide z?
True
Suppose 38 = 7*p - 417. Is p even?
False
Suppose 3*m + 32 = 5*l - 0*m, -l = 4*m + 12. Suppose 0 = 5*p - f - 31, l*p - f - f - 26 = 0. Is p a multiple of 6?
True
Let h = 5 - -17. Let o = h + -2. Is 2/5 + 312/o a multiple of 8?
True
Let l be (1 - 2)/(11/(-418)). Suppose 4*g = 4*f + 84, -2*f - 28 = -3*g + l. Is g a multiple of 8?
True
Suppose -2*l = -2 - 14. Does 4 divide l*-4*(-9)/48?
False
Let t(x) = -x**2 + 7*x + 8. Let s be t(6). Does 6 divide 1070/35 - 8/s?
True
Let u(k) = -k**3 - 11*k**2 - 10*k + 2. Let r = 109 - 77. Let q = 22 - r. Is 2 a factor of u(q)?
True
Let w(k) = 13*k**2 + 10. Let v(j) = 4*j**2 + 3. Let q(y) = 7*v(y) - 2*w(y). Let d be q(-1). Suppose d*t + 0*t = 48. Is 8 a factor of t?
True
Let y be (-1)/4 - 63/(-28). Is 3 a factor of (-32)/y*4/(-8)?
False
Let k be (-2)/(-2)*0/4. Let z be 1 + (26 - (k - 0)). Suppose 105 - z = 3*s. Is s a multiple of 9?
False
Let k(d) = d - 2. Let m be k(-11). Let l = 18 + m. Let r(s) = s - 1. Is 2 a factor of r(l)?
True
Suppose i + i = 8. Suppose 4*y - 2 = -p + 1, 4*y - i = 0. Does 17 divide 50 - (-1)/p*-1?
True
Let l = 240 - 104. Is 25 a factor of l?
False
Let k = 15 + 18. Does 11 divide k?
True
Suppose 0 = 4*t + 4 - 0, 0 = 2*g - 2*t - 20. Suppose 0 = 3*s - g - 18. Does 5 divide s?
False
Is (-9)/18*(-2 + 4 + -64) a multiple of 12?
False
Suppose 2 = -4*a - 18, 0 = -5*x + 5*a + 865. Is 20 a factor of x?
False
Let n = 6 + -7. Is n/(-3) + (-352)/(-6) a multiple of 17?
False
Let z(r) = -9*r**3 - r**2 + 4*r + 3. Let f be z(-2). Let v = f + -33. Is v a multiple of 10?
True
Suppose z + 1 = 0, -8 = a - 2*z - 28. Does 9 divide a?
True
Let a(h) = -h**2 - 6*h - 7. Let o be a(-5). Let p be (60/14)/(o/(-28)). Suppose p = -k + 6*k. Does 12 divide k?
True
Does 12 divide 3/(46/40 + -1)?
False
Suppose c - x - 38 = 4*c, -c + 4 = -3*x. Let p = 2 + c. Is (-6)/p*3 - -5 a multiple of 5?
False
Let w(k) = 31*k**2 - 1. Let c(y) = -y**2 + y. Let z(a) = 6*a**2 - 12*a + 1. Let f(g) = -5*c(g) - z(g). Let d be f(7). Is 15 a 